it of k/252 + 4/(-7)?
8
Let k be (-4)/(-14) + 50*(-51)/(-42). Suppose 4*x - 1 = -k. What is the tens digit of (-12)/(1*6/x)?
3
Let h(y) = 277*y - 432. What is the hundreds digit of h(8)?
7
Let r(i) = -106*i + 116. Let d be r(12). Let l = 2865 + d. What is the thousands digit of l?
1
Suppose -29*y + 34*y + 3*l = 43515, -2*y + 17406 = 4*l. What is the tens digit of y?
0
Let b(r) = 1009*r - 2768. What is the tens digit of b(6)?
8
Suppose 5*i = 189 - 9. Suppose 2*a - 16 - i = 0. What is the units digit of a?
6
Let w(i) = 74*i**2 + 6*i + 1. Let o be w(-1). Let d(r) = -r**2 + 9*r - 18. Let f be d(6). Suppose f = l + o - 265. What is the hundreds digit of l?
1
Suppose 0*q - 3*q = -a - 11, 0 = -q + 2*a + 7. Suppose -39 = -3*n + 4*g, 2*g + q*g + 52 = 4*n. What is the units digit of n?
3
Suppose -5290 = -5*s - 1035. What is the tens digit of s?
5
Let x(p) = 123*p**2 + 7*p - 3. Let w = 185 - 183. What is the tens digit of x(w)?
0
What is the hundreds digit of ((0 - (-3)/1) + 4)/(79/47321)?
1
Let h(t) = 7*t**2 - 2 + 2*t + t**3 + 6 + 3 - 4. Let r be h(-4). Let d = -40 + r. What is the units digit of d?
3
Let f(s) = 49*s - 119. Let d = -816 + 838. What is the tens digit of f(d)?
5
Let b(x) = -x**2 - 5*x - 3. Let j be b(-3). Suppose -4*n - 5*v + 3096 = 0, -2*n - j*v = -934 - 614. What is the hundreds digit of n?
7
Let o(c) = 31*c**3 - 8*c**2 + 10*c - 6. Let v(y) = 15*y**3 - 4*y**2 + 5*y - 2. Let a(t) = 4*o(t) - 9*v(t). What is the hundreds digit of a(-4)?
7
Let p(m) = -11*m + 31. Let v(s) = 43*s - 126. Let j(d) = 9*p(d) + 2*v(d). What is the tens digit of j(-19)?
7
Let l = 108 + -37. Let p = l + 4. Suppose 0 = -3*a - 9, 5*o + 3*a = p + 51. What is the units digit of o?
7
Let p(u) = -u**3 + 12*u**2 + 5*u + 3. Let r be p(8). Let y = r - -97. What is the tens digit of (y/(-54))/((-2)/39)?
4
Suppose 1846 = -4*u - 3*s + 8*s, -6*u - 5*s - 2744 = 0. Let n = u - -506. What is the units digit of n?
7
Suppose 4*r = -4*b + 216, -5*b = -5*r + 2*r - 262. Let m(t) = 5*t + 396. What is the tens digit of m(b)?
6
Suppose 467264 = 18*w + 78806. What is the tens digit of w?
8
Let q be (114/(-4) - 0)/((-24)/64). Let w = -55 + q. What is the units digit of ((-14)/w)/(1 + 795/(-792))?
6
What is the hundreds digit of ((-120160)/(-30))/((-18)/(-27))?
0
Let w = 19 - 19. Suppose -4*j = -0*d + 4*d + 112, w = -5*d - 2*j - 128. What is the hundreds digit of d/48 - (-337)/2?
1
Let s = -6066 + 19064. What is the units digit of s?
8
Let x be 34 - (-1 + (-3 - 1)). Suppose -4 = 7*o - x. Suppose 2*d = 5*k + o + 25, -5*k - 45 = -5*d. What is the units digit of d?
5
What is the hundreds digit of 23 + -10 + 206516/17?
1
Suppose 0 = -4*j - 2*r - 3096 + 10164, 3*r = 5*j - 8813. Suppose 4*p = -4*b + 1720, -5*p = -3*b - b + j. What is the hundreds digit of b?
4
Suppose -9*h + 143 + 19 = 0. What is the units digit of ((-27)/h)/((-3)/510) - 3?
2
Suppose 2*t + 80 = 86, 4*t = -2*z + 26728. What is the units digit of z?
8
Suppose 0 = -3*y + 41 + 1. Let w = y - -65. Let k = -11 + w. What is the units digit of k?
8
Suppose -c - 378 = -3*c. Let m(t) = 3*t**2 - 35*t + 24. Let f be m(14). Let w = c - f. What is the units digit of w?
7
What is the ten thousands digit of 3/(-15) - (-16 + 13 + (-110622)/10)?
1
Let r(z) = 184*z**3 - z**2. Let q be r(1). Let n(g) = -g**3 + 4*g**2 - 7*g + 14. Let f be n(6). Let p = q + f. What is the units digit of p?
3
Let c(i) = 8*i + 15. Let k be c(-11). Let w = -242 + 454. Let x = k + w. What is the tens digit of x?
3
Suppose -1 = -w + 4*o - 7, 5*w = 4*o + 50. Suppose -4*l = 12, 5*r + l + 2*l = 881. Suppose -w*g - 38 = -r. What is the tens digit of g?
1
What is the ten thousands digit of (32328/(-27) + -10)*-114*(-7)/(-28)?
3
Suppose -3*m + 84 = -0*m. Let b be (350/91)/(8/52). Suppose b = m*w - 23*w. What is the units digit of w?
5
Suppose -9 = -x - 4*f + 31, -4*x - 2*f = -188. Let r = 83 + x. What is the tens digit of r?
3
Let o(q) = 408*q + 424. What is the thousands digit of o(21)?
8
What is the tens digit of 299/26 + -11 - (-15066)/4?
6
Let l = -20 - -23. Suppose -1 = 5*s - 26, -s = l*c - 152. Suppose u - 5 = c. What is the tens digit of u?
5
Suppose 2*m + 5 = -w, w - 10*m + 5*m - 23 = 0. Suppose -n - 2*i + i = -9, w*n - 62 = 4*i. Suppose x + n = u, 4*u + 3*x - 71 = 13. What is the tens digit of u?
1
Let w be 1983 + 4/(-8)*4. Suppose -4*o - 513 = -w. Suppose o = 15*t - 2708. What is the hundreds digit of t?
2
Suppose -t + 11240 = 3*g, 2*t + 169*g = 165*g + 22486. What is the units digit of t?
9
Suppose -3*z = 2*i - 4*z - 3, 5*i - 12 = -2*z. Suppose -2*v = 5*y - 571, i*v + 6*y - 10*y = 544. What is the hundreds digit of v?
2
Let t(g) = 458*g + 318. What is the ten thousands digit of t(31)?
1
Let g be (-3)/(6/(-24)*-3)*2. Let f(i) = -21*i + 45. What is the hundreds digit of f(g)?
2
Let r be 48/(-21) + 2 + (-1336)/28. Let f = -44 - r. What is the tens digit of f/10 + (986/10 - 1)?
9
Suppose -2*i = -2*u + i + 22917, -u = 2*i - 11441. What is the thousands digit of u?
1
What is the tens digit of (108/5)/((-956)/(-641715))?
9
Let b(i) = 3*i**3 - 26*i**2 + 11*i - 5. What is the thousands digit of b(26)?
5
Suppose 2*u + 4 = -2*u. Let s be -24 - ((3 - u) + -3). What is the units digit of (-4)/10 + 35/s*-31?
3
Let u = 151 - 29. Suppose 0 = -7*p - u + 808. What is the tens digit of p?
9
Let b(l) = 15*l**2 + 0*l**3 + 13*l - 2*l**3 - 15*l**2 + 4 - 3*l**3 + 5*l**2. What is the units digit of b(-5)?
9
Let c(q) = -3*q**3 - 150*q**2 + 280*q + 167. What is the ten thousands digit of c(-53)?
1
Let a = -4593 + 8961. What is the thousands digit of a?
4
Suppose -2*j = o - 1229 - 11057, -5*j + 5*o + 30685 = 0. What is the thousands digit of j?
6
Let j(t) = 3*t**2 - t + 6. Suppose -53 + 89 = 3*l. Let d(b) = -b**3 + 13*b**2 - 11*b - 8. Let o be d(l). What is the tens digit of j(o)?
5
Let o = -15 + 20. Let k(q) = -4*q**2 - 27*q + 10. Let g be k(-8). What is the tens digit of o/g - 842/(-12)?
7
Let r be 4/(-12)*(-36)/4. Suppose 2*m + r*m - 4*k = -12, 0 = -m - 2*k + 6. Suppose h - 55 = -t + 2*t, -2*h - 5*t + 96 = m. What is the tens digit of h?
5
Suppose 5*p - s = 14533, 4598 = 2*p - 3*s - 1223. What is the units digit of p?
6
Let q = 58 - 115. Let l = q + 66. Suppose -l - 47 = -2*b. What is the units digit of b?
8
Let l(d) = 257*d**2 - 61*d - 874. What is the hundreds digit of l(-14)?
3
Suppose -945*p = -968*p + 254817. What is the units digit of p?
9
Suppose 0 = y - 11*y + 20*y - 98790. What is the units digit of y?
9
Let p be (0 - 1) + (-4 - -40). Let q = 955 - -1684. What is the units digit of q/p - 2/5?
5
Let g be (-4 - 36/(-8))/(1/(-12)). What is the units digit of (-4160)/(-96) - 4/g?
4
Let z(p) = -3098*p - 167. What is the units digit of z(-2)?
9
Let c(p) = -20*p**3 - 8*p**2 + 33*p + 169. What is the thousands digit of c(-7)?
6
Let w = -11587 - -21264. What is the hundreds digit of w?
6
Suppose 4*f - 13464 = 3*a + 41052, 5*f = a + 68134. What is the hundreds digit of f?
6
Let z = 133 - 96. Suppose o - z = 72. What is the hundreds digit of o?
1
Let x(m) = -48*m - 10. Let z(b) = -9*b - 2. Let f(r) = 6*x(r) - 33*z(r). Let v = -15 + 19. What is the tens digit of f(v)?
4
Let c be (1 + 1)/(10/(-135)). Let p = c - -30. Suppose p*s + 180 = 3*o, -o - 192 = -4*o - s. What is the tens digit of o?
6
Suppose 41*t - 4550 = 15*t. Let n = t + -25. What is the hundreds digit of n?
1
Let l be 24/40 - (-143768)/20. Suppose 17*v - 24*v = -l. What is the tens digit of v?
2
Suppose -8232 = 16*u - 25768. Let c = -335 + u. What is the tens digit of c?
6
Let q = 4260 + -1476. What is the hundreds digit of q?
7
Let g(f) = -14*f - 52. Let w be g(-4). Suppose -w*k - 4*u = -904, 3*k + 10*u - 678 = 11*u. What is the tens digit of k?
2
Let w be 6 + -2 - (-11 - -15). Suppose r - 103 - 402 = w. What is the units digit of r?
5
What is the hundreds digit of 657987/330 - (-1)/10?
9
Let j be 150/9*(0 + (-2205)/(-10)). Suppose -15*p = -j - 3765. What is the hundreds digit of p?
4
Suppose -2*u = 27 - 75. Suppose u = -b - 3*b. What is the tens digit of (-847)/b + 4/(-24)?
4
Let h(t) = 130*t - 8. Let p be h(3). Suppose -11*z = -1422 - p. What is the units digit of z?
4
Let z be (-5 + 11 + -6)*1/(-3). Suppose z = 2*x + 4*j - 158, -2*j + 157 = -3*x + 426. What is the units digit of x?
7
Let f = -4344 + 9122. What is the hundreds d